{"id":101,"date":"2023-06-03T11:15:30","date_gmt":"2023-06-03T11:15:30","guid":{"rendered":"http:\/\/193.194.89.193\/wp_lgeoph\/?page_id=101"},"modified":"2024-04-28T09:47:48","modified_gmt":"2024-04-28T09:47:48","slug":"equipe-de-recherche","status":"publish","type":"page","link":"https:\/\/lgeoph.usthb.dz\/index.php\/equipe-de-recherche\/","title":{"rendered":"\u00c9quipes de recherche"},"content":{"rendered":"\n<p>Le laboratoire de g\u00e9ophysique est compos\u00e9 de quatre \u00e9quipes de recherche&nbsp;:<\/p>\n\n\n\n<ul class=\"wp-block-list\">\n<li><strong>\u00c9quipe 1 :<\/strong> <a href=\"https:\/\/lgeoph.usthb.dz\/index.php\/equipe-de-recherche\/equipe1\/\" data-type=\"page\" data-id=\"156\">Sismologie et Risque Majeurs<\/a><\/li>\n\n\n\n<li><strong>\u00c9quipe 2<\/strong> <strong>:<\/strong> <a href=\"https:\/\/lgeoph.usthb.dz\/index.php\/equipe-de-recherche\/equipe2\/\" data-type=\"page\" data-id=\"151\">M\u00e9thodes Potentielles et Plan\u00e9tologie<\/a><\/li>\n\n\n\n<li><strong>\u00c9quipe 3 : <\/strong><a href=\"https:\/\/lgeoph.usthb.dz\/index.php\/equipe-de-recherche\/equipe3\/\" data-type=\"page\" data-id=\"167\">G\u00e9ophysique de Subsurface<\/a><\/li>\n\n\n\n<li><strong>\u00c9quipe 4 :<\/strong> <a href=\"https:\/\/lgeoph.usthb.dz\/index.php\/equipe-de-recherche\/equipe-4\/\" data-type=\"page\" data-id=\"170\">G\u00e9ophysique Externe<\/a><\/li>\n<\/ul>\n","protected":false},"excerpt":{"rendered":"<p>Le laboratoire de g\u00e9ophysique est compos\u00e9 de quatre \u00e9quipes de recherche&nbsp;:<\/p>\n","protected":false},"author":1,"featured_media":0,"parent":0,"menu_order":0,"comment_status":"closed","ping_status":"closed","template":"","meta":{"footnotes":""},"class_list":["post-101","page","type-page","status-publish","hentry"],"_links":{"self":[{"href":"https:\/\/lgeoph.usthb.dz\/index.php\/wp-json\/wp\/v2\/pages\/101","targetHints":{"allow":["GET"]}}],"collection":[{"href":"https:\/\/lgeoph.usthb.dz\/index.php\/wp-json\/wp\/v2\/pages"}],"about":[{"href":"https:\/\/lgeoph.usthb.dz\/index.php\/wp-json\/wp\/v2\/types\/page"}],"author":[{"embeddable":true,"href":"https:\/\/lgeoph.usthb.dz\/index.php\/wp-json\/wp\/v2\/users\/1"}],"replies":[{"embeddable":true,"href":"https:\/\/lgeoph.usthb.dz\/index.php\/wp-json\/wp\/v2\/comments?post=101"}],"version-history":[{"count":9,"href":"https:\/\/lgeoph.usthb.dz\/index.php\/wp-json\/wp\/v2\/pages\/101\/revisions"}],"predecessor-version":[{"id":513,"href":"https:\/\/lgeoph.usthb.dz\/index.php\/wp-json\/wp\/v2\/pages\/101\/revisions\/513"}],"wp:attachment":[{"href":"https:\/\/lgeoph.usthb.dz\/index.php\/wp-json\/wp\/v2\/media?parent=101"}],"curies":[{"name":"wp","href":"https:\/\/api.w.org\/{rel}","templated":true}]}}