{"id":294,"date":"2024-02-26T15:35:16","date_gmt":"2024-02-26T15:35:16","guid":{"rendered":"http:\/\/193.194.89.193\/wp_lgeoph\/?page_id=294"},"modified":"2024-03-17T09:50:09","modified_gmt":"2024-03-17T09:50:09","slug":"accueil","status":"publish","type":"page","link":"https:\/\/lgeoph.usthb.dz\/","title":{"rendered":"Accueil"},"content":{"rendered":"\n<p>Le Laboratoire de G\u00e9ophysique &nbsp;de <a href=\"http:\/\/www.usthb.dz\">l\u2019Universit\u00e9 des Sciences et de la Technologie Houari Boumediene (USTHB) <\/a>d\u2019Alger a \u00e9t\u00e9 cr\u00e9\u00e9 en <strong>juillet 2000<\/strong>. Les travaux de recherche du laboratoire touchent aussi bien aux domaines de la g\u00e9ophysique fondamentale qu\u2019\u00e0 la g\u00e9ophysique appliqu\u00e9e.<\/p>\n\n\n\n<figure class=\"wp-block-image size-full is-resized\"><img loading=\"lazy\" decoding=\"async\" src=\"http:\/\/193.194.89.193\/wp_lgeoph\/wp-content\/uploads\/2024\/03\/image-1.png\" alt=\"\" class=\"wp-image-371\" width=\"439\" height=\"330\" srcset=\"https:\/\/lgeoph.usthb.dz\/wp-content\/uploads\/2024\/03\/image-1.png 620w, https:\/\/lgeoph.usthb.dz\/wp-content\/uploads\/2024\/03\/image-1-300x225.png 300w\" sizes=\"auto, (max-width: 439px) 100vw, 439px\" \/><\/figure>\n\n\n\n<p><strong>AXES DE RECHERCHE<\/strong><\/p>\n\n\n\n<ul class=\"wp-block-list\">\n<li>\u00c9tude des propri\u00e9t\u00e9s physiques du sol et du sous-sol.<\/li>\n\n\n\n<li>Traitements et interpr\u00e9tation des donn\u00e9es \u00e9lectromagn\u00e9tiques et \u00e9lectriques.<\/li>\n\n\n\n<li>Traitements et interpr\u00e9tation des donn\u00e9es g\u00e9omagn\u00e9tiques et\/ou gravim\u00e9triques.<\/li>\n\n\n\n<li>Traitements et interpr\u00e9tation des donn\u00e9es sismologiques, sismiques, et diagraphiques.<\/li>\n\n\n\n<li>Mod\u00e9lisation de donn\u00e9es g\u00e9ophysiques et inversion.<\/li>\n\n\n\n<li>D\u00e9veloppement des m\u00e9thodes et algorithmes pour am\u00e9liorer l\u2019interpr\u00e9tation<\/li>\n<\/ul>\n","protected":false},"excerpt":{"rendered":"<p>Le Laboratoire de G\u00e9ophysique &nbsp;de l\u2019Universit\u00e9 des Sciences et de la Technologie Houari Boumediene (USTHB) d\u2019Alger a \u00e9t\u00e9 cr\u00e9\u00e9 en juillet 2000. Les travaux de recherche du laboratoire touchent aussi bien aux domaines de la g\u00e9ophysique fondamentale qu\u2019\u00e0 la g\u00e9ophysique <span class=\"readmore\"><a href=\"https:\/\/lgeoph.usthb.dz\/\">Continue Reading<\/a><\/span><\/p>\n","protected":false},"author":1,"featured_media":0,"parent":0,"menu_order":0,"comment_status":"closed","ping_status":"closed","template":"","meta":{"footnotes":""},"class_list":["post-294","page","type-page","status-publish","hentry"],"_links":{"self":[{"href":"https:\/\/lgeoph.usthb.dz\/index.php\/wp-json\/wp\/v2\/pages\/294","targetHints":{"allow":["GET"]}}],"collection":[{"href":"https:\/\/lgeoph.usthb.dz\/index.php\/wp-json\/wp\/v2\/pages"}],"about":[{"href":"https:\/\/lgeoph.usthb.dz\/index.php\/wp-json\/wp\/v2\/types\/page"}],"author":[{"embeddable":true,"href":"https:\/\/lgeoph.usthb.dz\/index.php\/wp-json\/wp\/v2\/users\/1"}],"replies":[{"embeddable":true,"href":"https:\/\/lgeoph.usthb.dz\/index.php\/wp-json\/wp\/v2\/comments?post=294"}],"version-history":[{"count":18,"href":"https:\/\/lgeoph.usthb.dz\/index.php\/wp-json\/wp\/v2\/pages\/294\/revisions"}],"predecessor-version":[{"id":373,"href":"https:\/\/lgeoph.usthb.dz\/index.php\/wp-json\/wp\/v2\/pages\/294\/revisions\/373"}],"wp:attachment":[{"href":"https:\/\/lgeoph.usthb.dz\/index.php\/wp-json\/wp\/v2\/media?parent=294"}],"curies":[{"name":"wp","href":"https:\/\/api.w.org\/{rel}","templated":true}]}}